{"id":43,"date":"2022-08-02T18:12:12","date_gmt":"2022-08-02T18:12:12","guid":{"rendered":"https:\/\/homeoffice-laufband.de\/?page_id=43"},"modified":"2022-08-02T18:12:13","modified_gmt":"2022-08-02T18:12:13","slug":"impressum","status":"publish","type":"page","link":"https:\/\/homeoffice-laufband.de\/?page_id=43","title":{"rendered":"Impressum"},"content":{"rendered":"\n<p>Angaben gem\u00e4\u00df \u00a7 5 TMG<br>Hanna Wenzel<br>Hanna Wenzel Coaching &amp; Consulting<br>Deckertstra\u00dfe 26<br>33617 Bielefeld<\/p>\n\n\n\n<p><br>Kontakt<br><br>E-Mail: homeofficelaufband@gmail.com<br><\/p>\n\n\n\n<p>Verbraucherstreitbeilegung\/Universalschlichtungsstelle<br>Wir sind nicht bereit oder verpflichtet, an Streitbeilegungsverfahren vor einer<br>Verbraucherschlichtungsstelle teilzunehmen.<\/p>\n","protected":false},"excerpt":{"rendered":"<p>Angaben gem\u00e4\u00df \u00a7 5 TMGHanna WenzelHanna Wenzel Coaching &amp; ConsultingDeckertstra\u00dfe 2633617 Bielefeld Kontakt E-Mail: homeofficelaufband@gmail.com Verbraucherstreitbeilegung\/UniversalschlichtungsstelleWir sind nicht bereit oder verpflichtet, an Streitbeilegungsverfahren vor einerVerbraucherschlichtungsstelle teilzunehmen.<\/p>\n","protected":false},"author":1,"featured_media":0,"parent":0,"menu_order":0,"comment_status":"closed","ping_status":"closed","template":"","meta":[],"yoast_head":"<!-- This site is optimized with the Yoast SEO plugin v19.5.1 - https:\/\/yoast.com\/wordpress\/plugins\/seo\/ -->\n<title>Impressum - Homeoffice-Laufband.de<\/title>\n<meta name=\"robots\" content=\"noindex, follow, max-snippet:-1, max-image-preview:large, max-video-preview:-1\" \/>\n<meta property=\"og:locale\" content=\"de_DE\" \/>\n<meta property=\"og:type\" content=\"article\" \/>\n<meta property=\"og:title\" content=\"Impressum - Homeoffice-Laufband.de\" \/>\n<meta property=\"og:description\" content=\"Angaben gem\u00e4\u00df \u00a7 5 TMGHanna WenzelHanna Wenzel Coaching &amp; ConsultingDeckertstra\u00dfe 2633617 Bielefeld Kontakt E-Mail: homeofficelaufband@gmail.com Verbraucherstreitbeilegung\/UniversalschlichtungsstelleWir sind nicht bereit oder verpflichtet, an Streitbeilegungsverfahren vor einerVerbraucherschlichtungsstelle teilzunehmen.\" \/>\n<meta property=\"og:url\" content=\"https:\/\/homeoffice-laufband.de\/?page_id=43\" \/>\n<meta property=\"og:site_name\" content=\"Homeoffice-Laufband.de\" \/>\n<meta property=\"article:modified_time\" content=\"2022-08-02T18:12:13+00:00\" \/>\n<meta name=\"twitter:card\" content=\"summary_large_image\" \/>\n<meta name=\"twitter:label1\" content=\"Gesch\u00e4tzte Lesezeit\" \/>\n\t<meta name=\"twitter:data1\" content=\"1\u00a0Minute\" \/>\n<script type=\"application\/ld+json\" class=\"yoast-schema-graph\">{\"@context\":\"https:\/\/schema.org\",\"@graph\":[{\"@type\":\"WebPage\",\"@id\":\"https:\/\/homeoffice-laufband.de\/?page_id=43\",\"url\":\"https:\/\/homeoffice-laufband.de\/?page_id=43\",\"name\":\"Impressum - Homeoffice-Laufband.de\",\"isPartOf\":{\"@id\":\"https:\/\/homeoffice-laufband.de\/#website\"},\"datePublished\":\"2022-08-02T18:12:12+00:00\",\"dateModified\":\"2022-08-02T18:12:13+00:00\",\"breadcrumb\":{\"@id\":\"https:\/\/homeoffice-laufband.de\/?page_id=43#breadcrumb\"},\"inLanguage\":\"de\",\"potentialAction\":[{\"@type\":\"ReadAction\",\"target\":[\"https:\/\/homeoffice-laufband.de\/?page_id=43\"]}]},{\"@type\":\"BreadcrumbList\",\"@id\":\"https:\/\/homeoffice-laufband.de\/?page_id=43#breadcrumb\",\"itemListElement\":[{\"@type\":\"ListItem\",\"position\":1,\"name\":\"Home\",\"item\":\"https:\/\/homeoffice-laufband.de\/\"},{\"@type\":\"ListItem\",\"position\":2,\"name\":\"Impressum\"}]},{\"@type\":\"WebSite\",\"@id\":\"https:\/\/homeoffice-laufband.de\/#website\",\"url\":\"https:\/\/homeoffice-laufband.de\/\",\"name\":\"Homeoffice-Laufband.de\",\"description\":\"Dein Laufband f\u00fcrs Homeoffice\",\"potentialAction\":[{\"@type\":\"SearchAction\",\"target\":{\"@type\":\"EntryPoint\",\"urlTemplate\":\"https:\/\/homeoffice-laufband.de\/?s={search_term_string}\"},\"query-input\":\"required name=search_term_string\"}],\"inLanguage\":\"de\"}]}<\/script>\n<!-- \/ Yoast SEO plugin. -->","yoast_head_json":{"title":"Impressum - Homeoffice-Laufband.de","robots":{"index":"noindex","follow":"follow","max-snippet":"max-snippet:-1","max-image-preview":"max-image-preview:large","max-video-preview":"max-video-preview:-1"},"og_locale":"de_DE","og_type":"article","og_title":"Impressum - Homeoffice-Laufband.de","og_description":"Angaben gem\u00e4\u00df \u00a7 5 TMGHanna WenzelHanna Wenzel Coaching &amp; ConsultingDeckertstra\u00dfe 2633617 Bielefeld Kontakt E-Mail: homeofficelaufband@gmail.com Verbraucherstreitbeilegung\/UniversalschlichtungsstelleWir sind nicht bereit oder verpflichtet, an Streitbeilegungsverfahren vor einerVerbraucherschlichtungsstelle teilzunehmen.","og_url":"https:\/\/homeoffice-laufband.de\/?page_id=43","og_site_name":"Homeoffice-Laufband.de","article_modified_time":"2022-08-02T18:12:13+00:00","twitter_card":"summary_large_image","twitter_misc":{"Gesch\u00e4tzte Lesezeit":"1\u00a0Minute"},"schema":{"@context":"https:\/\/schema.org","@graph":[{"@type":"WebPage","@id":"https:\/\/homeoffice-laufband.de\/?page_id=43","url":"https:\/\/homeoffice-laufband.de\/?page_id=43","name":"Impressum - Homeoffice-Laufband.de","isPartOf":{"@id":"https:\/\/homeoffice-laufband.de\/#website"},"datePublished":"2022-08-02T18:12:12+00:00","dateModified":"2022-08-02T18:12:13+00:00","breadcrumb":{"@id":"https:\/\/homeoffice-laufband.de\/?page_id=43#breadcrumb"},"inLanguage":"de","potentialAction":[{"@type":"ReadAction","target":["https:\/\/homeoffice-laufband.de\/?page_id=43"]}]},{"@type":"BreadcrumbList","@id":"https:\/\/homeoffice-laufband.de\/?page_id=43#breadcrumb","itemListElement":[{"@type":"ListItem","position":1,"name":"Home","item":"https:\/\/homeoffice-laufband.de\/"},{"@type":"ListItem","position":2,"name":"Impressum"}]},{"@type":"WebSite","@id":"https:\/\/homeoffice-laufband.de\/#website","url":"https:\/\/homeoffice-laufband.de\/","name":"Homeoffice-Laufband.de","description":"Dein Laufband f\u00fcrs Homeoffice","potentialAction":[{"@type":"SearchAction","target":{"@type":"EntryPoint","urlTemplate":"https:\/\/homeoffice-laufband.de\/?s={search_term_string}"},"query-input":"required name=search_term_string"}],"inLanguage":"de"}]}},"jetpack-related-posts":[{"id":2,"url":"https:\/\/homeoffice-laufband.de\/","url_meta":{"origin":43,"position":0},"title":"Laufb\u00e4nder f\u00fcr das Homeoffice im Vergleich","date":"Juli 22, 2022","format":false,"excerpt":"Arbeitest Du wie viele weitere Personen auch h\u00e4ufig sitzend im Homeoffice?Vor, w\u00e4hrend oder nach einem Arbeitstag ist es nicht immer m\u00f6glich ausreichend Schritte drau\u00dfen in der Natur zu schaffen. Die Zeit ist begrenzt, Du hast noch etwas anderes vor oder das Wetter h\u00e4lt Dich davon ab, Dir die Wander-\/ Laufschuhe\u2026","rel":"","context":"\u00c4hnlicher Beitrag","img":{"alt_text":"","src":"https:\/\/i0.wp.com\/homeoffice-laufband.de\/wp-content\/uploads\/2022\/08\/A-girl-in-back-pain-132194-pixahive.jpg?resize=350%2C200&ssl=1","width":350,"height":200},"classes":[]}],"_links":{"self":[{"href":"https:\/\/homeoffice-laufband.de\/index.php?rest_route=\/wp\/v2\/pages\/43"}],"collection":[{"href":"https:\/\/homeoffice-laufband.de\/index.php?rest_route=\/wp\/v2\/pages"}],"about":[{"href":"https:\/\/homeoffice-laufband.de\/index.php?rest_route=\/wp\/v2\/types\/page"}],"author":[{"embeddable":true,"href":"https:\/\/homeoffice-laufband.de\/index.php?rest_route=\/wp\/v2\/users\/1"}],"replies":[{"embeddable":true,"href":"https:\/\/homeoffice-laufband.de\/index.php?rest_route=%2Fwp%2Fv2%2Fcomments&post=43"}],"version-history":[{"count":1,"href":"https:\/\/homeoffice-laufband.de\/index.php?rest_route=\/wp\/v2\/pages\/43\/revisions"}],"predecessor-version":[{"id":44,"href":"https:\/\/homeoffice-laufband.de\/index.php?rest_route=\/wp\/v2\/pages\/43\/revisions\/44"}],"wp:attachment":[{"href":"https:\/\/homeoffice-laufband.de\/index.php?rest_route=%2Fwp%2Fv2%2Fmedia&parent=43"}],"curies":[{"name":"wp","href":"https:\/\/api.w.org\/{rel}","templated":true}]}}